{"id":3254,"date":"2018-02-13T17:52:02","date_gmt":"2018-02-13T16:52:02","guid":{"rendered":"http:\/\/oledinteractive.lu\/ecran-geant-led-luxembourg-belgique\/?page_id=3254"},"modified":"2020-11-20T18:31:35","modified_gmt":"2020-11-20T17:31:35","slug":"rayonnage-led-pour-magasin","status":"publish","type":"page","link":"https:\/\/oledinteractive.lu\/ecran-geant-led-luxembourg-belgique\/rayonnage-led-pour-magasin\/","title":{"rendered":"RAYONNAGE MARKET LED"},"content":{"rendered":"<section data-id=\"\" data-title=\"\">\n<div>\n<div>\n<div>\n<div>\n<table style=\"border-collapse: collapse; border-color: #ffffff; background-color: #ffffff;\" border=\"0\">\n<tbody>\n<tr>\n<td style=\"width: 100%;\"><\/td>\n<\/tr>\n<\/tbody>\n<\/table>\n<h2 style=\"text-align: justify;\">Signage LED Screens pour rayonnage de Magasin<\/h2>\n<h4 dir=\"ltr\" style=\"text-align: justify;\" data-placeholder=\"Traduction\"><span lang=\"fr\">Ce produit arrive en Europe et sur le march\u00e9 am\u00e9ricain. Cet \u00e9cran LED r\u00e9volutionne les centres commerciaux (ex: Woolworth, Coles, entre autres).<\/span><\/h4>\n<table style=\"width: 100%; border-collapse: collapse;\" border=\"0\">\n<tbody>\n<tr>\n<td style=\"width: 50%; border-color: #ffffff; background-color: #ffffff;\">\n<h3 dir=\"ltr\" data-placeholder=\"Traduction\"><img loading=\"lazy\" decoding=\"async\" class=\"aligncenter wp-image-3261 \" src=\"http:\/\/oledinteractive.lu\/wp\/wp-content\/uploads\/2018\/02\/shelf.png\" alt=\"\" width=\"656\" height=\"368\" srcset=\"https:\/\/oledinteractive.lu\/wp\/wp-content\/uploads\/2018\/02\/shelf.png 768w, https:\/\/oledinteractive.lu\/wp\/wp-content\/uploads\/2018\/02\/shelf-600x337.png 600w, https:\/\/oledinteractive.lu\/wp\/wp-content\/uploads\/2018\/02\/shelf-300x168.png 300w\" sizes=\"auto, (max-width: 656px) 100vw, 656px\" \/><\/h3>\n<\/td>\n<td style=\"width: 50%;\">\n\t\t<style type=\"text\/css\">\n\t\t\t#gallery-1 {\n\t\t\t\tmargin: auto;\n\t\t\t}\n\t\t\t#gallery-1 .gallery-item {\n\t\t\t\tfloat: left;\n\t\t\t\tmargin-top: 10px;\n\t\t\t\ttext-align: center;\n\t\t\t\twidth: 33%;\n\t\t\t}\n\t\t\t#gallery-1 img {\n\t\t\t\tborder: 2px solid #cfcfcf;\n\t\t\t}\n\t\t\t#gallery-1 .gallery-caption {\n\t\t\t\tmargin-left: 0;\n\t\t\t}\n\t\t\t\/* see gallery_shortcode() in wp-includes\/media.php *\/\n\t\t<\/style>\n\t\t<div id='gallery-1' class='gallery galleryid-3254 gallery-columns-3 gallery-size-thumbnail'><dl class='gallery-item'>\n\t\t\t<dt class='gallery-icon landscape'>\n\t\t\t\t<a class=\"grouped_elements\" rel=\"tc-fancybox-group\" href=\"https:\/\/oledinteractive.lu\/wp\/wp-content\/uploads\/2018\/12\/2-scaled.jpg\" title=\"2\"><img loading=\"lazy\" decoding=\"async\" width=\"150\" height=\"150\" src=\"https:\/\/oledinteractive.lu\/wp\/wp-content\/uploads\/2018\/12\/2-150x150.jpg\" class=\"attachment-thumbnail size-thumbnail\" alt=\"\" srcset=\"https:\/\/oledinteractive.lu\/wp\/wp-content\/uploads\/2018\/12\/2-150x150.jpg 150w, https:\/\/oledinteractive.lu\/wp\/wp-content\/uploads\/2018\/12\/2-300x300.jpg 300w, https:\/\/oledinteractive.lu\/wp\/wp-content\/uploads\/2018\/12\/2-100x100.jpg 100w\" sizes=\"auto, (max-width: 150px) 100vw, 150px\" \/><\/a>\n\t\t\t<\/dt><\/dl><dl class='gallery-item'>\n\t\t\t<dt class='gallery-icon landscape'>\n\t\t\t\t<a class=\"grouped_elements\" rel=\"tc-fancybox-group\" href=\"https:\/\/oledinteractive.lu\/wp\/wp-content\/uploads\/2018\/12\/23.1-shelf-size-picture.jpg\" title=\"23.1 shelf size picture\"><img loading=\"lazy\" decoding=\"async\" width=\"150\" height=\"150\" src=\"https:\/\/oledinteractive.lu\/wp\/wp-content\/uploads\/2018\/12\/23.1-shelf-size-picture-150x150.jpg\" class=\"attachment-thumbnail size-thumbnail\" alt=\"\" srcset=\"https:\/\/oledinteractive.lu\/wp\/wp-content\/uploads\/2018\/12\/23.1-shelf-size-picture-150x150.jpg 150w, https:\/\/oledinteractive.lu\/wp\/wp-content\/uploads\/2018\/12\/23.1-shelf-size-picture-100x100.jpg 100w\" sizes=\"auto, (max-width: 150px) 100vw, 150px\" \/><\/a>\n\t\t\t<\/dt><\/dl><dl class='gallery-item'>\n\t\t\t<dt class='gallery-icon landscape'>\n\t\t\t\t<a class=\"grouped_elements\" rel=\"tc-fancybox-group\" href=\"https:\/\/oledinteractive.lu\/wp\/wp-content\/uploads\/2018\/12\/Installation-3-scaled.jpg\" title=\"Installation (3)\"><img loading=\"lazy\" decoding=\"async\" width=\"150\" height=\"150\" src=\"https:\/\/oledinteractive.lu\/wp\/wp-content\/uploads\/2018\/12\/Installation-3-150x150.jpg\" class=\"attachment-thumbnail size-thumbnail\" alt=\"\" srcset=\"https:\/\/oledinteractive.lu\/wp\/wp-content\/uploads\/2018\/12\/Installation-3-150x150.jpg 150w, https:\/\/oledinteractive.lu\/wp\/wp-content\/uploads\/2018\/12\/Installation-3-300x300.jpg 300w, https:\/\/oledinteractive.lu\/wp\/wp-content\/uploads\/2018\/12\/Installation-3-100x100.jpg 100w, https:\/\/oledinteractive.lu\/wp\/wp-content\/uploads\/2018\/12\/Installation-3-600x600.jpg 600w, https:\/\/oledinteractive.lu\/wp\/wp-content\/uploads\/2018\/12\/Installation-3-768x768.jpg 768w, https:\/\/oledinteractive.lu\/wp\/wp-content\/uploads\/2018\/12\/Installation-3-1024x1024.jpg 1024w\" sizes=\"auto, (max-width: 150px) 100vw, 150px\" \/><\/a>\n\t\t\t<\/dt><\/dl><br style=\"clear: both\" \/><dl class='gallery-item'>\n\t\t\t<dt class='gallery-icon landscape'>\n\t\t\t\t<a class=\"grouped_elements\" rel=\"tc-fancybox-group\" href=\"https:\/\/oledinteractive.lu\/wp\/wp-content\/uploads\/2018\/12\/control-\u00e1box-\u00e1and-\u00e1power-\u00e1supply.jpg\" title=\"control-\u00e1box-\u00e1and-\u00e1power-\u00e1supply\"><img loading=\"lazy\" decoding=\"async\" width=\"150\" height=\"150\" src=\"https:\/\/oledinteractive.lu\/wp\/wp-content\/uploads\/2018\/12\/control-\u00e1box-\u00e1and-\u00e1power-\u00e1supply-150x150.jpg\" class=\"attachment-thumbnail size-thumbnail\" alt=\"\" srcset=\"https:\/\/oledinteractive.lu\/wp\/wp-content\/uploads\/2018\/12\/control-\u00e1box-\u00e1and-\u00e1power-\u00e1supply-150x150.jpg 150w, https:\/\/oledinteractive.lu\/wp\/wp-content\/uploads\/2018\/12\/control-\u00e1box-\u00e1and-\u00e1power-\u00e1supply-300x300.jpg 300w, https:\/\/oledinteractive.lu\/wp\/wp-content\/uploads\/2018\/12\/control-\u00e1box-\u00e1and-\u00e1power-\u00e1supply-100x100.jpg 100w\" sizes=\"auto, (max-width: 150px) 100vw, 150px\" \/><\/a>\n\t\t\t<\/dt><\/dl><dl class='gallery-item'>\n\t\t\t<dt class='gallery-icon landscape'>\n\t\t\t\t<a class=\"grouped_elements\" rel=\"tc-fancybox-group\" href=\"https:\/\/oledinteractive.lu\/wp\/wp-content\/uploads\/2018\/12\/Installation-1.jpg\" title=\"Installation (1)\"><img loading=\"lazy\" decoding=\"async\" width=\"150\" height=\"150\" src=\"https:\/\/oledinteractive.lu\/wp\/wp-content\/uploads\/2018\/12\/Installation-1-150x150.jpg\" class=\"attachment-thumbnail size-thumbnail\" alt=\"\" srcset=\"https:\/\/oledinteractive.lu\/wp\/wp-content\/uploads\/2018\/12\/Installation-1-150x150.jpg 150w, https:\/\/oledinteractive.lu\/wp\/wp-content\/uploads\/2018\/12\/Installation-1-300x300.jpg 300w, https:\/\/oledinteractive.lu\/wp\/wp-content\/uploads\/2018\/12\/Installation-1-100x100.jpg 100w\" sizes=\"auto, (max-width: 150px) 100vw, 150px\" \/><\/a>\n\t\t\t<\/dt><\/dl><dl class='gallery-item'>\n\t\t\t<dt class='gallery-icon landscape'>\n\t\t\t\t<a class=\"grouped_elements\" rel=\"tc-fancybox-group\" href=\"https:\/\/oledinteractive.lu\/wp\/wp-content\/uploads\/2018\/12\/Installation-2.jpg\" title=\"Installation (2)\"><img loading=\"lazy\" decoding=\"async\" width=\"150\" height=\"150\" src=\"https:\/\/oledinteractive.lu\/wp\/wp-content\/uploads\/2018\/12\/Installation-2-150x150.jpg\" class=\"attachment-thumbnail size-thumbnail\" alt=\"\" srcset=\"https:\/\/oledinteractive.lu\/wp\/wp-content\/uploads\/2018\/12\/Installation-2-150x150.jpg 150w, https:\/\/oledinteractive.lu\/wp\/wp-content\/uploads\/2018\/12\/Installation-2-100x100.jpg 100w\" sizes=\"auto, (max-width: 150px) 100vw, 150px\" \/><\/a>\n\t\t\t<\/dt><\/dl><br style=\"clear: both\" \/><dl class='gallery-item'>\n\t\t\t<dt class='gallery-icon landscape'>\n\t\t\t\t<a class=\"grouped_elements\" rel=\"tc-fancybox-group\" href=\"https:\/\/oledinteractive.lu\/wp\/wp-content\/uploads\/2018\/12\/Control-box-imore.jpg\" title=\"Control box-imore\"><img loading=\"lazy\" decoding=\"async\" width=\"150\" height=\"150\" src=\"https:\/\/oledinteractive.lu\/wp\/wp-content\/uploads\/2018\/12\/Control-box-imore-150x150.jpg\" class=\"attachment-thumbnail size-thumbnail\" alt=\"\" srcset=\"https:\/\/oledinteractive.lu\/wp\/wp-content\/uploads\/2018\/12\/Control-box-imore-150x150.jpg 150w, https:\/\/oledinteractive.lu\/wp\/wp-content\/uploads\/2018\/12\/Control-box-imore-300x300.jpg 300w, https:\/\/oledinteractive.lu\/wp\/wp-content\/uploads\/2018\/12\/Control-box-imore-100x100.jpg 100w\" sizes=\"auto, (max-width: 150px) 100vw, 150px\" \/><\/a>\n\t\t\t<\/dt><\/dl><dl class='gallery-item'>\n\t\t\t<dt class='gallery-icon landscape'>\n\t\t\t\t<a class=\"grouped_elements\" rel=\"tc-fancybox-group\" href=\"https:\/\/oledinteractive.lu\/wp\/wp-content\/uploads\/2018\/02\/shelf.png\" title=\"shelf\"><img loading=\"lazy\" decoding=\"async\" width=\"150\" height=\"150\" src=\"https:\/\/oledinteractive.lu\/wp\/wp-content\/uploads\/2018\/02\/shelf-150x150.png\" class=\"attachment-thumbnail size-thumbnail\" alt=\"\" srcset=\"https:\/\/oledinteractive.lu\/wp\/wp-content\/uploads\/2018\/02\/shelf-150x150.png 150w, https:\/\/oledinteractive.lu\/wp\/wp-content\/uploads\/2018\/02\/shelf-300x300.png 300w, https:\/\/oledinteractive.lu\/wp\/wp-content\/uploads\/2018\/02\/shelf-100x100.png 100w\" sizes=\"auto, (max-width: 150px) 100vw, 150px\" \/><\/a>\n\t\t\t<\/dt><\/dl><dl class='gallery-item'>\n\t\t\t<dt class='gallery-icon portrait'>\n\t\t\t\t<a class=\"grouped_elements\" rel=\"tc-fancybox-group\" href=\"https:\/\/oledinteractive.lu\/wp\/wp-content\/uploads\/2018\/12\/Installation-4-e1544180550753.jpg\" title=\"Installation (4)\"><img loading=\"lazy\" decoding=\"async\" width=\"150\" height=\"150\" src=\"https:\/\/oledinteractive.lu\/wp\/wp-content\/uploads\/2018\/12\/Installation-4-e1544180550753-150x150.jpg\" class=\"attachment-thumbnail size-thumbnail\" alt=\"\" srcset=\"https:\/\/oledinteractive.lu\/wp\/wp-content\/uploads\/2018\/12\/Installation-4-e1544180550753-150x150.jpg 150w, https:\/\/oledinteractive.lu\/wp\/wp-content\/uploads\/2018\/12\/Installation-4-e1544180550753-300x300.jpg 300w, https:\/\/oledinteractive.lu\/wp\/wp-content\/uploads\/2018\/12\/Installation-4-e1544180550753-100x100.jpg 100w\" sizes=\"auto, (max-width: 150px) 100vw, 150px\" \/><\/a>\n\t\t\t<\/dt><\/dl><br style=\"clear: both\" \/>\n\t\t<\/div>\n<\/td>\n<\/tr>\n<\/tbody>\n<\/table>\n<h4 id=\"tw-target-text\" dir=\"ltr\" data-placeholder=\"Traduction\"><span lang=\"fr\">\u00a0<\/span><\/h4>\n<h4 dir=\"ltr\" style=\"text-align: justify;\" data-placeholder=\"Traduction\"><span lang=\"fr\">Nouveaut\u00e9s r\u00e9volutionnaire dans l\u2019affichage dynamique des magasins<br \/>\nSignal\u00e9tique LED des rayons enti\u00e8rement modulable<br \/>\nInteractif, attractif, gestion \u00e0 distance, programmable \u00e0 certaines heures jours semaines, \u2026<\/span><\/h4>\n<h4 dir=\"ltr\" style=\"text-align: justify;\" data-placeholder=\"Traduction\"><span lang=\"fr\">Demandez votre offre sur mesure<br \/>\n<\/span><\/h4>\n<h4 style=\"text-align: justify;\">Pixel Pitch: 1.875mm, 1.2mm Contrast: 2000:1<\/h4>\n<h4 style=\"text-align: justify;\">Module Size: 300mm*60mm*18.8mm, Shockproof, Dustproof facile d&rsquo;installation<\/h4>\n<\/div>\n<\/div>\n<div>\n<figure>\n<div><img loading=\"lazy\" decoding=\"async\" class=\"alignnone size-full wp-image-2986\" src=\"http:\/\/oledinteractive.lu\/wp\/wp-content\/uploads\/2018\/02\/20180209_111302-e1518542183710.jpg\" alt=\"\" width=\"3971\" height=\"2842\" \/><\/div>\n<\/figure>\n<\/div>\n<\/div>\n<\/div>\n<\/section>\n<div>\n<div>\n<div>\n<div>\n<h2>Easy Maintenance<\/h2>\n<div>\n<div id=\"tw-target\">\n<div id=\"tw-target-text-container\">\n<h4 id=\"tw-target-text\" dir=\"ltr\" style=\"text-align: justify;\" data-placeholder=\"Traduction\"><span lang=\"fr\">Les \u00e9crans LED sont faciles \u00e0 entretenir, chaque module est s\u00e9par\u00e9 et interconnect\u00e9 pour communiquer. L&rsquo;\u00e9cran est \u00e9tanche \u00e0 l&rsquo;eau, \u00e0 la poussi\u00e8re et aux chocs. <\/span><\/h4>\n<h4 dir=\"ltr\" style=\"text-align: justify;\" data-placeholder=\"Traduction\"><span lang=\"fr\">Pour la maintenance, les \u00e9crans COB (Chip on Board) peuvent \u00eatre essuy\u00e9s, contrairement aux \u00e9crans SMD.<\/span><\/h4>\n<\/div>\n<\/div>\n<\/div>\n<\/div>\n<\/div>\n<\/div>\n<\/div>\n<div>\n<div>\n<div>\n<div>\n<table>\n<tbody>\n<tr>\n<td><img loading=\"lazy\" decoding=\"async\" class=\"aligncenter\" src=\"https:\/\/buyledscreens.com.au\/wp-content\/uploads\/2018\/02\/size-shelf.jpg\" sizes=\"auto, (max-width: 650px) 100vw, 650px\" srcset=\"https:\/\/buyledscreens.com.au\/wp-content\/uploads\/2018\/02\/size-shelf.jpg 650w, https:\/\/buyledscreens.com.au\/wp-content\/uploads\/2018\/02\/size-shelf-300x222.jpg 300w\" alt=\"\" width=\"456\" height=\"338\" \/><\/td>\n<td>\n<div>\n<div><img loading=\"lazy\" decoding=\"async\" class=\"aligncenter\" src=\"https:\/\/buyledscreens.com.au\/wp-content\/uploads\/2017\/06\/1-161022113IA00.jpg\" sizes=\"auto, (max-width: 379px) 100vw, 379px\" srcset=\"https:\/\/buyledscreens.com.au\/wp-content\/uploads\/2017\/06\/1-161022113IA00.jpg 650w, https:\/\/buyledscreens.com.au\/wp-content\/uploads\/2017\/06\/1-161022113IA00-300x222.jpg 300w\" alt=\"\" width=\"351\" height=\"260\" \/><\/div>\n<\/div>\n<\/td>\n<td><img loading=\"lazy\" decoding=\"async\" class=\"aligncenter\" src=\"https:\/\/buyledscreens.com.au\/wp-content\/uploads\/2017\/06\/1-161022112134Y0.jpg\" sizes=\"auto, (max-width: 259px) 100vw, 259px\" srcset=\"https:\/\/buyledscreens.com.au\/wp-content\/uploads\/2017\/06\/1-161022112134Y0.jpg 650w, https:\/\/buyledscreens.com.au\/wp-content\/uploads\/2017\/06\/1-161022112134Y0-300x222.jpg 300w\" alt=\"\" width=\"295\" height=\"219\" \/><\/td>\n<\/tr>\n<\/tbody>\n<\/table>\n<\/div>\n<\/div>\n<div>\n<div>\n<h2>Standard\u00a0Module Size<\/h2>\n<div>\n<div>\n<div id=\"tw-target\">\n<div id=\"tw-target-text-container\">\n<h4 id=\"tw-target-text\" dir=\"ltr\" style=\"text-align: justify;\" data-placeholder=\"Traduction\"><span lang=\"fr\">Les \u00e9crans pour Rayonnage LED\u00a0 sont livr\u00e9s en taille standard: 300mm * 60mm * 18.8mm. L&rsquo;\u00e9cran est facile \u00e0 installer et la connexion est une simple prise pour le courant et la communication. L&rsquo;\u00e9cran est con\u00e7u avec un aimant et une manille \u00e0 installer. Pour installer l&rsquo;\u00e9cran Aucun outil n&rsquo;est requis, rapide \u00e0 installer et facile \u00e0 retirer et \u00e0 entretenir.<\/span><\/h4>\n<\/div>\n<\/div>\n<\/div>\n<\/div>\n<div><\/div>\n<\/div>\n<\/div>\n<\/div>\n<\/div>\n<section data-id=\"\" data-title=\"\">\n<div>\n<div>\n<h3><img loading=\"lazy\" decoding=\"async\" src=\"https:\/\/buyledscreens.com.au\/wp-content\/uploads\/2018\/02\/1-161022112H5504.jpg\" sizes=\"auto, (max-width: 1200px) 100vw, 1200px\" srcset=\"https:\/\/buyledscreens.com.au\/wp-content\/uploads\/2018\/02\/1-161022112H5504.jpg 1200w, https:\/\/buyledscreens.com.au\/wp-content\/uploads\/2018\/02\/1-161022112H5504-300x123.jpg 300w, https:\/\/buyledscreens.com.au\/wp-content\/uploads\/2018\/02\/1-161022112H5504-768x314.jpg 768w, https:\/\/buyledscreens.com.au\/wp-content\/uploads\/2018\/02\/1-161022112H5504-1024x418.jpg 1024w\" alt=\"\" width=\"1200\" height=\"490\" \/><\/h3>\n<h4 style=\"text-align: justify;\"><span lang=\"fr\">Si vous avez besoin de plus d&rsquo;informations ou d&rsquo;assistance sur le projet suivant ou existant, nous serons heureux de travailler avec vous.<\/span><\/h4>\n<\/div>\n<\/div>\n<\/section>\n","protected":false},"excerpt":{"rendered":"<p>Signage LED Screens pour rayonnage de Magasin Ce produit arrive en Europe et sur le march\u00e9 am\u00e9ricain. Cet \u00e9cran LED r\u00e9volutionne les centres commerciaux (ex: Woolworth, Coles, entre autres). \u00a0 Nouveaut\u00e9s r\u00e9volutionnaire dans l\u2019affichage dynamique des magasins Signal\u00e9tique LED des rayons enti\u00e8rement modulable Interactif, attractif, gestion \u00e0 distance, programmable \u00e0 certaines heures jours semaines, \u2026 [&hellip;]<\/p>\n","protected":false},"author":1,"featured_media":3122,"parent":0,"menu_order":0,"comment_status":"closed","ping_status":"closed","template":"","meta":{"footnotes":""},"class_list":["post-3254","page","type-page","status-publish","has-post-thumbnail","czr-hentry"],"jetpack_sharing_enabled":true,"_links":{"self":[{"href":"https:\/\/oledinteractive.lu\/ecran-geant-led-luxembourg-belgique\/wp-json\/wp\/v2\/pages\/3254","targetHints":{"allow":["GET"]}}],"collection":[{"href":"https:\/\/oledinteractive.lu\/ecran-geant-led-luxembourg-belgique\/wp-json\/wp\/v2\/pages"}],"about":[{"href":"https:\/\/oledinteractive.lu\/ecran-geant-led-luxembourg-belgique\/wp-json\/wp\/v2\/types\/page"}],"author":[{"embeddable":true,"href":"https:\/\/oledinteractive.lu\/ecran-geant-led-luxembourg-belgique\/wp-json\/wp\/v2\/users\/1"}],"replies":[{"embeddable":true,"href":"https:\/\/oledinteractive.lu\/ecran-geant-led-luxembourg-belgique\/wp-json\/wp\/v2\/comments?post=3254"}],"version-history":[{"count":20,"href":"https:\/\/oledinteractive.lu\/ecran-geant-led-luxembourg-belgique\/wp-json\/wp\/v2\/pages\/3254\/revisions"}],"predecessor-version":[{"id":3501,"href":"https:\/\/oledinteractive.lu\/ecran-geant-led-luxembourg-belgique\/wp-json\/wp\/v2\/pages\/3254\/revisions\/3501"}],"wp:featuredmedia":[{"embeddable":true,"href":"https:\/\/oledinteractive.lu\/ecran-geant-led-luxembourg-belgique\/wp-json\/wp\/v2\/media\/3122"}],"wp:attachment":[{"href":"https:\/\/oledinteractive.lu\/ecran-geant-led-luxembourg-belgique\/wp-json\/wp\/v2\/media?parent=3254"}],"curies":[{"name":"wp","href":"https:\/\/api.w.org\/{rel}","templated":true}]}}