{"id":2869,"date":"2017-08-10T17:26:52","date_gmt":"2017-08-10T16:26:52","guid":{"rendered":"http:\/\/oledinteractive.lu\/wp\/?page_id=2869"},"modified":"2017-08-11T07:32:53","modified_gmt":"2017-08-11T06:32:53","slug":"depannage-led-wall","status":"publish","type":"page","link":"https:\/\/oledinteractive.lu\/ecran-geant-led-luxembourg-belgique\/depannage-led-wall\/","title":{"rendered":"DEPANNAGE LED WALL"},"content":{"rendered":"<p>Une \u00e9quipe de techniciens exp\u00e9riment\u00e9s \u00e0 votre service<\/p>\n\n\t\t<style type=\"text\/css\">\n\t\t\t#gallery-1 {\n\t\t\t\tmargin: auto;\n\t\t\t}\n\t\t\t#gallery-1 .gallery-item {\n\t\t\t\tfloat: left;\n\t\t\t\tmargin-top: 10px;\n\t\t\t\ttext-align: center;\n\t\t\t\twidth: 33%;\n\t\t\t}\n\t\t\t#gallery-1 img {\n\t\t\t\tborder: 2px solid #cfcfcf;\n\t\t\t}\n\t\t\t#gallery-1 .gallery-caption {\n\t\t\t\tmargin-left: 0;\n\t\t\t}\n\t\t\t\/* see gallery_shortcode() in wp-includes\/media.php *\/\n\t\t<\/style>\n\t\t<div id='gallery-1' class='gallery galleryid-2869 gallery-columns-3 gallery-size-thumbnail'><dl class='gallery-item'>\n\t\t\t<dt class='gallery-icon landscape'>\n\t\t\t\t<a class=\"grouped_elements\" rel=\"tc-fancybox-group\" href=\"https:\/\/oledinteractive.lu\/wp\/wp-content\/uploads\/2017\/08\/2.jpg\" title=\"\"><img loading=\"lazy\" decoding=\"async\" width=\"150\" height=\"150\" src=\"https:\/\/oledinteractive.lu\/wp\/wp-content\/uploads\/2017\/08\/2-150x150.jpg\" class=\"attachment-thumbnail size-thumbnail\" alt=\"\" srcset=\"https:\/\/oledinteractive.lu\/wp\/wp-content\/uploads\/2017\/08\/2-150x150.jpg 150w, https:\/\/oledinteractive.lu\/wp\/wp-content\/uploads\/2017\/08\/2-100x100.jpg 100w\" sizes=\"auto, (max-width: 150px) 100vw, 150px\" \/><\/a>\n\t\t\t<\/dt><\/dl><dl class='gallery-item'>\n\t\t\t<dt class='gallery-icon landscape'>\n\t\t\t\t<a class=\"grouped_elements\" rel=\"tc-fancybox-group\" href=\"https:\/\/oledinteractive.lu\/wp\/wp-content\/uploads\/2017\/08\/1.jpg\" title=\"\"><img loading=\"lazy\" decoding=\"async\" width=\"150\" height=\"150\" src=\"https:\/\/oledinteractive.lu\/wp\/wp-content\/uploads\/2017\/08\/1-150x150.jpg\" class=\"attachment-thumbnail size-thumbnail\" alt=\"\" srcset=\"https:\/\/oledinteractive.lu\/wp\/wp-content\/uploads\/2017\/08\/1-150x150.jpg 150w, https:\/\/oledinteractive.lu\/wp\/wp-content\/uploads\/2017\/08\/1-300x300.jpg 300w, https:\/\/oledinteractive.lu\/wp\/wp-content\/uploads\/2017\/08\/1-100x100.jpg 100w\" sizes=\"auto, (max-width: 150px) 100vw, 150px\" \/><\/a>\n\t\t\t<\/dt><\/dl><dl class='gallery-item'>\n\t\t\t<dt class='gallery-icon landscape'>\n\t\t\t\t<a class=\"grouped_elements\" rel=\"tc-fancybox-group\" href=\"https:\/\/oledinteractive.lu\/wp\/wp-content\/uploads\/2017\/08\/3.jpg\" title=\"\"><img loading=\"lazy\" decoding=\"async\" width=\"150\" height=\"150\" src=\"https:\/\/oledinteractive.lu\/wp\/wp-content\/uploads\/2017\/08\/3-150x150.jpg\" class=\"attachment-thumbnail size-thumbnail\" alt=\"\" srcset=\"https:\/\/oledinteractive.lu\/wp\/wp-content\/uploads\/2017\/08\/3-150x150.jpg 150w, https:\/\/oledinteractive.lu\/wp\/wp-content\/uploads\/2017\/08\/3-300x300.jpg 300w, https:\/\/oledinteractive.lu\/wp\/wp-content\/uploads\/2017\/08\/3-100x100.jpg 100w\" sizes=\"auto, (max-width: 150px) 100vw, 150px\" \/><\/a>\n\t\t\t<\/dt><\/dl><br style=\"clear: both\" \/><dl class='gallery-item'>\n\t\t\t<dt class='gallery-icon portrait'>\n\t\t\t\t<a class=\"grouped_elements\" rel=\"tc-fancybox-group\" href=\"https:\/\/oledinteractive.lu\/wp\/wp-content\/uploads\/2017\/08\/5-e1502383269263.jpg\" title=\"\"><img loading=\"lazy\" decoding=\"async\" width=\"150\" height=\"150\" src=\"https:\/\/oledinteractive.lu\/wp\/wp-content\/uploads\/2017\/08\/5-e1502383269263-150x150.jpg\" class=\"attachment-thumbnail size-thumbnail\" alt=\"\" srcset=\"https:\/\/oledinteractive.lu\/wp\/wp-content\/uploads\/2017\/08\/5-e1502383269263-150x150.jpg 150w, https:\/\/oledinteractive.lu\/wp\/wp-content\/uploads\/2017\/08\/5-e1502383269263-300x300.jpg 300w, https:\/\/oledinteractive.lu\/wp\/wp-content\/uploads\/2017\/08\/5-e1502383269263-100x100.jpg 100w\" sizes=\"auto, (max-width: 150px) 100vw, 150px\" \/><\/a>\n\t\t\t<\/dt><\/dl><dl class='gallery-item'>\n\t\t\t<dt class='gallery-icon landscape'>\n\t\t\t\t<a class=\"grouped_elements\" rel=\"tc-fancybox-group\" href=\"https:\/\/oledinteractive.lu\/wp\/wp-content\/uploads\/2017\/08\/4.jpg\" title=\"\"><img loading=\"lazy\" decoding=\"async\" width=\"150\" height=\"150\" src=\"https:\/\/oledinteractive.lu\/wp\/wp-content\/uploads\/2017\/08\/4-150x150.jpg\" class=\"attachment-thumbnail size-thumbnail\" alt=\"\" srcset=\"https:\/\/oledinteractive.lu\/wp\/wp-content\/uploads\/2017\/08\/4-150x150.jpg 150w, https:\/\/oledinteractive.lu\/wp\/wp-content\/uploads\/2017\/08\/4-100x100.jpg 100w\" sizes=\"auto, (max-width: 150px) 100vw, 150px\" \/><\/a>\n\t\t\t<\/dt><\/dl><dl class='gallery-item'>\n\t\t\t<dt class='gallery-icon landscape'>\n\t\t\t\t<a class=\"grouped_elements\" rel=\"tc-fancybox-group\" href=\"https:\/\/oledinteractive.lu\/wp\/wp-content\/uploads\/2015\/11\/20151020_074133-scaled.jpg\" title=\"\"><img loading=\"lazy\" decoding=\"async\" width=\"150\" height=\"150\" src=\"https:\/\/oledinteractive.lu\/wp\/wp-content\/uploads\/2015\/11\/20151020_074133-150x150.jpg\" class=\"attachment-thumbnail size-thumbnail\" alt=\"\" srcset=\"https:\/\/oledinteractive.lu\/wp\/wp-content\/uploads\/2015\/11\/20151020_074133-150x150.jpg 150w, https:\/\/oledinteractive.lu\/wp\/wp-content\/uploads\/2015\/11\/20151020_074133-300x300.jpg 300w, https:\/\/oledinteractive.lu\/wp\/wp-content\/uploads\/2015\/11\/20151020_074133-100x100.jpg 100w\" sizes=\"auto, (max-width: 150px) 100vw, 150px\" \/><\/a>\n\t\t\t<\/dt><\/dl><br style=\"clear: both\" \/><dl class='gallery-item'>\n\t\t\t<dt class='gallery-icon portrait'>\n\t\t\t\t<a class=\"grouped_elements\" rel=\"tc-fancybox-group\" href=\"https:\/\/oledinteractive.lu\/wp\/wp-content\/uploads\/2015\/11\/20151021_092024-scaled.jpg\" title=\"\"><img loading=\"lazy\" decoding=\"async\" width=\"150\" height=\"150\" src=\"https:\/\/oledinteractive.lu\/wp\/wp-content\/uploads\/2015\/11\/20151021_092024-150x150.jpg\" class=\"attachment-thumbnail size-thumbnail\" alt=\"\" srcset=\"https:\/\/oledinteractive.lu\/wp\/wp-content\/uploads\/2015\/11\/20151021_092024-150x150.jpg 150w, https:\/\/oledinteractive.lu\/wp\/wp-content\/uploads\/2015\/11\/20151021_092024-300x300.jpg 300w, https:\/\/oledinteractive.lu\/wp\/wp-content\/uploads\/2015\/11\/20151021_092024-100x100.jpg 100w\" sizes=\"auto, (max-width: 150px) 100vw, 150px\" \/><\/a>\n\t\t\t<\/dt><\/dl><dl class='gallery-item'>\n\t\t\t<dt class='gallery-icon landscape'>\n\t\t\t\t<a class=\"grouped_elements\" rel=\"tc-fancybox-group\" href=\"https:\/\/oledinteractive.lu\/wp\/wp-content\/uploads\/2015\/11\/20151021_092124-scaled.jpg\" title=\"\"><img loading=\"lazy\" decoding=\"async\" width=\"150\" height=\"150\" src=\"https:\/\/oledinteractive.lu\/wp\/wp-content\/uploads\/2015\/11\/20151021_092124-150x150.jpg\" class=\"attachment-thumbnail size-thumbnail\" alt=\"\" srcset=\"https:\/\/oledinteractive.lu\/wp\/wp-content\/uploads\/2015\/11\/20151021_092124-150x150.jpg 150w, https:\/\/oledinteractive.lu\/wp\/wp-content\/uploads\/2015\/11\/20151021_092124-300x300.jpg 300w, https:\/\/oledinteractive.lu\/wp\/wp-content\/uploads\/2015\/11\/20151021_092124-100x100.jpg 100w\" sizes=\"auto, (max-width: 150px) 100vw, 150px\" \/><\/a>\n\t\t\t<\/dt><\/dl><dl class='gallery-item'>\n\t\t\t<dt class='gallery-icon landscape'>\n\t\t\t\t<a class=\"grouped_elements\" rel=\"tc-fancybox-group\" href=\"https:\/\/oledinteractive.lu\/wp\/wp-content\/uploads\/2015\/11\/20151019_080508-e1502383238849.jpg\" title=\"\"><img loading=\"lazy\" decoding=\"async\" width=\"150\" height=\"150\" src=\"https:\/\/oledinteractive.lu\/wp\/wp-content\/uploads\/2015\/11\/20151019_080508-e1502383238849-150x150.jpg\" class=\"attachment-thumbnail size-thumbnail\" alt=\"\" srcset=\"https:\/\/oledinteractive.lu\/wp\/wp-content\/uploads\/2015\/11\/20151019_080508-e1502383238849-150x150.jpg 150w, https:\/\/oledinteractive.lu\/wp\/wp-content\/uploads\/2015\/11\/20151019_080508-e1502383238849-300x300.jpg 300w, https:\/\/oledinteractive.lu\/wp\/wp-content\/uploads\/2015\/11\/20151019_080508-e1502383238849-100x100.jpg 100w\" sizes=\"auto, (max-width: 150px) 100vw, 150px\" \/><\/a>\n\t\t\t<\/dt><\/dl><br style=\"clear: both\" \/><dl class='gallery-item'>\n\t\t\t<dt class='gallery-icon landscape'>\n\t\t\t\t<a class=\"grouped_elements\" rel=\"tc-fancybox-group\" href=\"https:\/\/oledinteractive.lu\/wp\/wp-content\/uploads\/2015\/11\/20151019_055906-scaled.jpg\" title=\"\"><img loading=\"lazy\" decoding=\"async\" width=\"150\" height=\"150\" src=\"https:\/\/oledinteractive.lu\/wp\/wp-content\/uploads\/2015\/11\/20151019_055906-150x150.jpg\" class=\"attachment-thumbnail size-thumbnail\" alt=\"\" srcset=\"https:\/\/oledinteractive.lu\/wp\/wp-content\/uploads\/2015\/11\/20151019_055906-150x150.jpg 150w, https:\/\/oledinteractive.lu\/wp\/wp-content\/uploads\/2015\/11\/20151019_055906-300x300.jpg 300w, https:\/\/oledinteractive.lu\/wp\/wp-content\/uploads\/2015\/11\/20151019_055906-100x100.jpg 100w\" sizes=\"auto, (max-width: 150px) 100vw, 150px\" \/><\/a>\n\t\t\t<\/dt><\/dl><dl class='gallery-item'>\n\t\t\t<dt class='gallery-icon portrait'>\n\t\t\t\t<a class=\"grouped_elements\" rel=\"tc-fancybox-group\" href=\"https:\/\/oledinteractive.lu\/wp\/wp-content\/uploads\/2017\/03\/IMAG0210-scaled.jpg\" title=\"\"><img loading=\"lazy\" decoding=\"async\" width=\"150\" height=\"150\" src=\"https:\/\/oledinteractive.lu\/wp\/wp-content\/uploads\/2017\/03\/IMAG0210-150x150.jpg\" class=\"attachment-thumbnail size-thumbnail\" alt=\"\" srcset=\"https:\/\/oledinteractive.lu\/wp\/wp-content\/uploads\/2017\/03\/IMAG0210-150x150.jpg 150w, https:\/\/oledinteractive.lu\/wp\/wp-content\/uploads\/2017\/03\/IMAG0210-300x300.jpg 300w, https:\/\/oledinteractive.lu\/wp\/wp-content\/uploads\/2017\/03\/IMAG0210-100x100.jpg 100w\" sizes=\"auto, (max-width: 150px) 100vw, 150px\" \/><\/a>\n\t\t\t<\/dt><\/dl><dl class='gallery-item'>\n\t\t\t<dt class='gallery-icon portrait'>\n\t\t\t\t<a class=\"grouped_elements\" rel=\"tc-fancybox-group\" href=\"https:\/\/oledinteractive.lu\/wp\/wp-content\/uploads\/2017\/03\/IMAG0214-scaled.jpg\" title=\"\"><img loading=\"lazy\" decoding=\"async\" width=\"150\" height=\"150\" src=\"https:\/\/oledinteractive.lu\/wp\/wp-content\/uploads\/2017\/03\/IMAG0214-150x150.jpg\" class=\"attachment-thumbnail size-thumbnail\" alt=\"\" srcset=\"https:\/\/oledinteractive.lu\/wp\/wp-content\/uploads\/2017\/03\/IMAG0214-150x150.jpg 150w, https:\/\/oledinteractive.lu\/wp\/wp-content\/uploads\/2017\/03\/IMAG0214-300x300.jpg 300w, https:\/\/oledinteractive.lu\/wp\/wp-content\/uploads\/2017\/03\/IMAG0214-100x100.jpg 100w\" sizes=\"auto, (max-width: 150px) 100vw, 150px\" \/><\/a>\n\t\t\t<\/dt><\/dl><br style=\"clear: both\" \/>\n\t\t<\/div>\n\n","protected":false},"excerpt":{"rendered":"<p>Une \u00e9quipe de techniciens exp\u00e9riment\u00e9s \u00e0 votre service<\/p>\n","protected":false},"author":1,"featured_media":0,"parent":0,"menu_order":0,"comment_status":"closed","ping_status":"closed","template":"","meta":{"footnotes":""},"class_list":["post-2869","page","type-page","status-publish","czr-hentry"],"jetpack_sharing_enabled":true,"_links":{"self":[{"href":"https:\/\/oledinteractive.lu\/ecran-geant-led-luxembourg-belgique\/wp-json\/wp\/v2\/pages\/2869","targetHints":{"allow":["GET"]}}],"collection":[{"href":"https:\/\/oledinteractive.lu\/ecran-geant-led-luxembourg-belgique\/wp-json\/wp\/v2\/pages"}],"about":[{"href":"https:\/\/oledinteractive.lu\/ecran-geant-led-luxembourg-belgique\/wp-json\/wp\/v2\/types\/page"}],"author":[{"embeddable":true,"href":"https:\/\/oledinteractive.lu\/ecran-geant-led-luxembourg-belgique\/wp-json\/wp\/v2\/users\/1"}],"replies":[{"embeddable":true,"href":"https:\/\/oledinteractive.lu\/ecran-geant-led-luxembourg-belgique\/wp-json\/wp\/v2\/comments?post=2869"}],"version-history":[{"count":8,"href":"https:\/\/oledinteractive.lu\/ecran-geant-led-luxembourg-belgique\/wp-json\/wp\/v2\/pages\/2869\/revisions"}],"predecessor-version":[{"id":2886,"href":"https:\/\/oledinteractive.lu\/ecran-geant-led-luxembourg-belgique\/wp-json\/wp\/v2\/pages\/2869\/revisions\/2886"}],"wp:attachment":[{"href":"https:\/\/oledinteractive.lu\/ecran-geant-led-luxembourg-belgique\/wp-json\/wp\/v2\/media?parent=2869"}],"curies":[{"name":"wp","href":"https:\/\/api.w.org\/{rel}","templated":true}]}}